*m - 1. Let y be x(-11). Calculate the greatest common factor of y and 5.
5
Suppose 16*g + 2*g = 792. Let w = 21 + -35. Let u = -3 - w. Calculate the greatest common divisor of g and u.
11
Let c(a) be the first derivative of 0 - 2 + a + 2 - 1 - 10*a**2. Let z be c(-1). What is the greatest common divisor of z and 7?
7
Suppose 0 = 2*v - 3*v + 28. Let m = v - -71. Suppose 2*z = 4*b - 4 + 18, 0 = 3*z + 3*b - 30. What is the greatest common divisor of z and m?
9
Let f be (-1)/(-5) + (-68)/(-85). What is the greatest common divisor of f and 4?
1
Let k be (1/3)/((-1)/(-3)). Suppose 4 = 5*p - k. Let w(r) = r**3 - r**2 - 5*r + 4. Let i be w(3). What is the highest common factor of p and i?
1
Let r = 238 - 7. What is the highest common factor of r and 21?
21
Let g = 55 + -35. What is the greatest common factor of g and 70?
10
Let v(i) = i**2 - 9*i - 14. Let m be v(-5). Let f be -2 + 9 - (0 - 0). Calculate the highest common factor of f and m.
7
Let i be (1*4)/(1 - -1). Suppose -i*q + 10 + 0 = 0. Calculate the greatest common factor of q and 35.
5
Suppose 0 = 5*o - z - 382, 0 = 2*o - 5*z - 135 - 4. Calculate the highest common divisor of 11 and o.
11
Let s be 9/(-6)*(-8)/6. Suppose 0 = -0*o + s*o - 5*c - 128, 2*o - 128 = -c. Calculate the highest common divisor of 16 and o.
16
Let m = -89 - -124. Let s = 22 - 15. What is the greatest common factor of s and m?
7
Let f be 3 + (-1 - -1) + 11. Calculate the highest common factor of f and 7.
7
Suppose -2*t + 6 = -4*o, -3*o + 0*o + 18 = t. Suppose 4*x - t = 135. Suppose 2*w = -10 + x. What is the highest common divisor of 104 and w?
13
Let d be 0 - (-2 - 0)/1. Suppose 328 = 4*p - x, -86 = -d*p - 3*x + 64. Calculate the highest common factor of p and 9.
9
Suppose 0 = j + 4*u - 27, 4*u = -2*j + 8*u - 6. Let g = 7 + 0. What is the greatest common divisor of j and g?
7
Let w(n) = -19*n**3 + 2*n**2 - 2*n + 1. Let q be w(1). Let d = q - -29. What is the greatest common factor of d and 33?
11
Let v = -220 + 308. What is the greatest common factor of v and 22?
22
Let m(p) = 41*p**2 - 4. Let l be m(2). Calculate the greatest common factor of 20 and l.
20
Let z = 38 - 26. Let q(y) = -y**2 - 5*y - 4. Let c be q(-3). Suppose -5*m = c*j - 10, -m - j = -0*j + 1. Calculate the highest common divisor of z and m.
4
Suppose -7 = -2*b + 4*u + 9, 5*b - 68 = -4*u. Let l(f) = 4*f**2 - 2*f + 12. Let k be l(-4). Calculate the highest common divisor of k and b.
12
Suppose -3*x = 2*x - 150. Let y(w) = w**2 - 11*w + 12. Let t be y(11). What is the greatest common divisor of t and x?
6
Suppose -4*t + 39 = -13. What is the highest common factor of t and 52?
13
Suppose v - 1 = -0*v. Let b = 1 - v. Suppose 2*a - 5*a + 57 = -5*y, b = 2*y - 6. What is the greatest common factor of 12 and a?
12
Let z = -5 + 5. Suppose y - 1 - 2 = z. What is the greatest common divisor of 3 and y?
3
Suppose -3*l + 1 = -3*u + 2*l, -3*l - 3 = -3*u. Let j be 21/5 + u/(-15). What is the greatest common divisor of j and 2?
2
Let h(u) = 4*u**2 - 4*u - 3. Let q be h(4). What is the highest common factor of 9 and q?
9
Let r(q) = -q**2 - 16*q - 15. Let c be r(-13). Calculate the greatest common divisor of c and 8.
8
Suppose 0 = v - 3 - 0. Suppose -36 = -3*i + i - 2*s, 0 = v*i + 5*s - 64. What is the highest common factor of i and 117?
13
Suppose 2 + 3 = 5*i, 5*i + 15 = 5*u. Let z be (8/(-6))/(u/(-18)). Let h = -218 - -242. What is the greatest common divisor of h and z?
6
Suppose 0 = 3*p + p + 84. Let q = p + 31. Calculate the highest common factor of 5 and q.
5
Let k(w) = w**3 + 13*w**2 + 13*w - 4. Let b be k(-11). Suppose 5*l - 3*q = 188, 33 = 3*l + 2*q - b. Calculate the greatest common factor of l and 5.
5
Let h be 7*(-6)/(-9)*-12. Let z = h + 84. Calculate the greatest common divisor of 4 and z.
4
Let y be (6/5)/(2/720). Let i = y - 300. Let l be (-12 - -4)*3/(-2). Calculate the greatest common divisor of l and i.
12
Suppose 0*n = -5*w - 4*n + 101, 52 = 4*w - 4*n. Suppose 0 = 4*f - 8*f + 872. Suppose 0 = 4*v - f - 122. What is the greatest common factor of v and w?
17
Let q be 2 + 1/(-1 - 0). Let h be 1*-6*q*2. Let w = 36 + h. What is the greatest common divisor of w and 3?
3
Let f(t) = 2*t**2 + 6*t + 1. Let r be f(-4). Let g = -10 + 6. Let c(y) = -2*y - 5. Let s be c(g). What is the greatest common factor of s and r?
3
Let w = -8 - -16. Suppose 2*g + g - 111 = -6*u, -u + 2*g + 26 = 0. Calculate the greatest common factor of w and u.
4
Suppose 5*l - 2*d - 1121 = 0, -2*l - d + 367 + 85 = 0. Suppose -4*f - 3*t + 0*t = -930, l = f - 3*t. What is the highest common factor of 21 and f?
21
Let s = -74 - -83. What is the highest common divisor of s and 27?
9
Let n(g) be the second derivative of 2*g**3/3 - g**2/2 + 2*g. Let w be n(1). Let c = -6 + 9. Calculate the greatest common divisor of w and c.
3
Suppose -83 = -3*v + 160. What is the greatest common divisor of v and 9?
9
Let h be 39/3 + (-7)/(28/12). Calculate the highest common divisor of 2 and h.
2
Let v(q) = q. Let g be v(3). Suppose 4*l = -4*b + 240, -4*l + g*b + 150 = -69. Calculate the highest common factor of l and 19.
19
Suppose 3*s + 15 = 0, s - 1 = 2*m + 46. Suppose -7*l = -3*l + 68. Let k = l - m. What is the greatest common divisor of k and 99?
9
Suppose b + 4*b + 10 = 0. Let g be (15/6)/(b/(-12)). Let c be 13/4 - 1/4. What is the highest common factor of c and g?
3
Let t(v) = 17*v**2 - v - 1. Let z be t(-1). Suppose 2*d + 11 = 45. Suppose 2*g - d = g. Calculate the greatest common factor of z and g.
17
Let o be 5*3*(-3)/(-15). Let m(z) = 4*z - 1. Let f be m(o). Calculate the highest common factor of 22 and f.
11
Let a(k) = -4*k + 4. Let v be 3*(-21)/(-9)*-1. Let y be a(v). Calculate the highest common factor of y and 48.
16
Let q be ((-3)/(-2))/(15/400). Calculate the greatest common divisor of 20 and q.
20
Let b(l) = -l**3 - 15*l**2 + 35*l + 24. Let c be b(-17). What is the highest common factor of c and 91?
7
Suppose 2*u - 11 = 5. Suppose 0*x = -2*x + 120. Suppose -x = -2*q - q. What is the highest common factor of u and q?
4
Let n = 7 + 0. Suppose 2*v - n - 47 = 0. Calculate the greatest common factor of 108 and v.
27
Let i be (-13 - -5)*(-3)/2. What is the greatest common divisor of 12 and i?
12
Suppose -66 = -2*s + 62. Calculate the greatest common divisor of 8 and s.
8
Suppose 2*b - 7*b - 4*j - 66 = 0, -2*b - 4 = -4*j. Let s = b - -18. What is the greatest common factor of s and 16?
8
Let j be 0/(-1) - (5 + -53)/4. What is the highest common divisor of 4 and j?
4
Let t(h) be the first derivative of h**4/4 + 30*h - 2. Let i be t(0). Let a be ((-16)/(-2))/1 - -2. What is the greatest common factor of a and i?
10
Let k = -13 + 21. What is the greatest common divisor of 8 and k?
8
Let m be (1302/(-35))/((-2)/110). Suppose 6*j = -0*j + m. What is the highest common divisor of j and 31?
31
Let r(b) = 26*b**2 - 2*b. Let q be r(1). Calculate the greatest common divisor of 3 and q.
3
Suppose q = 6*q + 5*p - 55, -5*p - 10 = 0. Let v = 23 - q. Let o be (-1254)/(-15) - (-4)/v. Calculate the highest common divisor of o and 14.
14
Suppose -4*x = -5*x + 14. What is the highest common divisor of x and 14?
14
Let t be (-1)/(-7) + (-3699)/21. Let p be 14/63 + t/(-18). Let q be (-202)/(-8) + (-1)/4. What is the greatest common factor of p and q?
5
Suppose 3*i - 8*i = 0. Suppose i = -w - w + 56. Calculate the greatest common factor of 70 and w.
14
Let u = -41 + 57. Suppose 20 + 0 = f + 5*y, 0 = -4*f + 4*y - u. Suppose -v + 22 - 4 = f. What is the highest common factor of 2 and v?
2
Let q(c) = c**3 + 4*c**2 - 3*c - 2. Let z be q(-3). Let o be (-2)/7 - (-282)/7. What is the highest common divisor of z and o?
8
Let l = -47 + 65. Calculate the greatest common factor of 36 and l.
18
Let s = -1 - -4. Let x = -55 + 82. Calculate the highest common divisor of x and s.
3
Suppose -v + 354 = 2*g, -6*g = -4*g - 4*v - 344. Let k(d) = d**2 + 3*d - 3. Let o be k(-5). Let s = o + 9. Calculate the greatest common divisor of g and s.
16
Let d = -93 - -156. What is the highest common factor of d and 7?
7
Suppose 4*a = 4*o - 16, 4*a - 16 = -4*o + a. Suppose m - 104 = -2*m - 4*r, -3*m = r - 98. Calculate the highest common factor of m and o.
4
Let b be (-1)/(-2) - (-95)/2. What is the highest common factor of b and 16?
16
Let l(s) be